 x**3 + 13*x**2 - 12*x - 43. What is the remainder when 94 is divided by p(3)?
29
Let n be (-9 - (-4 - -1))*8/(-3). Suppose -z - 2*m + m + 13 = 0, -z + n = 4*m. What is the remainder when 19 is divided by z?
7
Suppose -34*c + 6084 = -8*c. Calculate the remainder when c is divided by 40.
34
What is the remainder when 366 + 2*1/(-2) is divided by 95?
80
Let k be 6/24*24/2. Suppose k*i - 34 - 24 = -2*p, 116 = 4*p - 2*i. Let y(d) = -d**2 - 7*d - 4. Calculate the remainder when p is divided by y(-3).
5
Suppose -3*n = 4*q - 35, 5*q - 27 = 2*n + 11. Suppose p - 4*s = -8, 6*p - 5*p + 5*s = 28. Calculate the remainder when p is divided by q.
0
Let t = 640 + -555. Calculate the remainder when t is divided by 33.
19
Suppose 0 = d - 5*l - 53, 5*d + 4*l + 0*l = 236. What is the remainder when d is divided by 25?
23
Let q = -1159 + 1325. What is the remainder when q is divided by 12?
10
Calculate the remainder when 40*(20/(-300))/(2/(-132)) is divided by 59.
58
Suppose -3*q - 3*i + 168 = 0, 209 = 4*q - 12*i + 13*i. What is the remainder when 100 is divided by q?
49
Let z = 12 + -12. Suppose z = -2*f + 7*f - 210. Calculate the remainder when f is divided by 11.
9
Let s(b) = 8*b - 1. Let k = -93 + 33. Let c = k + 104. What is the remainder when c is divided by s(2)?
14
What is the remainder when 102 is divided by (-264)/(-10) + (-68)/170?
24
Suppose 4*k = 3*v - 36, 4*v + 5*k = 39 + 9. Suppose 3*o + 187 = -4*h, 0 = -2*h - 0*h + 5*o - 87. Calculate the remainder when 1/(1 + h/47) is divided by v.
11
Let l(p) = -1188 - 10*p - p**2 + 1228 + 0*p**2. What is the remainder when 221 is divided by l(-12)?
13
Let p(b) = -b**3 - 2*b**2 + 3*b + 1. What is the remainder when (-1024)/(-12) + (-120)/36 is divided by p(-4)?
19
Suppose 140 + 130 = 10*c. Calculate the remainder when 107 is divided by c.
26
Let i(p) = 5*p**3 - 2*p**2 - p. Let l = 29 + -27. What is the remainder when 55 is divided by i(l)?
25
Suppose -5*f + 5*j + 230 = 0, -f + 30 = -5*j + 4. Let b = f + -21. What is the remainder when b is divided by (-4)/3*756/105*5/(-3)?
14
Let l(m) = -m + 150. What is the remainder when l(13) is divided by 48?
41
Let x(m) = -2*m - 30. Let b be x(-13). What is the remainder when 46 is divided by b/6 - (660/(-9))/5?
4
Suppose 0 = -11*t + 7*t + 320. Calculate the remainder when t is divided by 28/2*(-9)/(-6).
17
Suppose w = -5*t - 185, -94 = 4*t - 3*w + 35. Let f = 60 + t. Calculate the remainder when f is divided by 13.
11
Let v(z) = -5*z + 14. What is the remainder when 85 is divided by v(-3)?
27
Suppose 9*m - 15 - 264 = 0. Calculate the remainder when m is divided by 8.
7
Let t(b) = -b**3 - 35*b**2 - 42*b - 17. Calculate the remainder when t(-34) is divided by 52.
47
Suppose -3*n + 266 = p, -n - 2*p = -p - 88. What is the remainder when n is divided by 23?
20
Let y = 1588 + -1379. What is the remainder when y is divided by 35?
34
Let r be ((-54)/24)/3 - 2/8. Let b = 19 - r. What is the remainder when 99 is divided by b?
19
Suppose -6*h = -10*h + 9*h. Suppose -8*q + 12*q - 536 = h. What is the remainder when q is divided by 45?
44
Let q be 12/7 - (-10)/35. Let g = q + 24. Suppose 3*x - d = g, 4*x + d = 6*x - 17. Calculate the remainder when x is divided by 5.
4
Suppose 5*q = -o - 4*o - 70, -2*q = o + 14. Let v = 36 + o. Calculate the remainder when v is divided by 4.
2
Let m(n) = n**2 - 12*n + 15. Let z be m(11). Let i(h) = z*h**2 + 3*h**2 - 4*h**2 - 1 - 2*h**2 + 4*h. What is the remainder when 59 is divided by i(-7)?
19
Let y(i) = 2*i**2 - 4*i - 82. Let q = -25 + 37. What is the remainder when y(9) is divided by q?
8
Suppose -5*u = -9*u + 20. Suppose 5*d - 70 = -u*d. What is the remainder when 16 is divided by d?
2
Let f = -93 + 100. Suppose -f*l = -120 - 20. What is the remainder when 57 is divided by l?
17
Suppose -6*s + 5*s - 4*w = -144, 3*s + w - 454 = 0. Suppose -s - 163 = -9*t. Calculate the remainder when 139 is divided by t.
34
Let n = -6 - 1. Let z be 865/n - 15/35. Let a = z - -187. Calculate the remainder when a is divided by 16.
15
Suppose 3*v + v - 48 = 0. Let u = -16 - -19. Suppose -4*n + 5*k + 33 = 10, 0 = -2*n - u*k + 17. What is the remainder when v is divided by n?
5
Let o = 18 - -4. Let m(a) = 0*a**2 - a**2 + 3*a**2 + o*a**3 - 1. What is the remainder when 66 is divided by m(1)?
20
Let k(o) = -6*o + 15. Calculate the remainder when k(-11) is divided by 28/(-3)*2/((-2)/3).
25
Let z = 42 - 15. Suppose -3*k + 4*m - 28 = 28, -3*m + z = -k. Let p = k + 41. What is the remainder when p is divided by 10?
9
Let z(b) = b**2 + 3*b - 4. Let n be z(-5). Suppose -h - g = -49, n = -g - g. Let t = h - 37. What is the remainder when 29 is divided by t?
14
Let d be (-4)/(-12)*(-4 - -52). What is the remainder when 89 is divided by ((-2)/(-8))/(d/1472)?
20
Let w(s) = -5 - 7*s - 2 + 11*s. Suppose -2*x + 1 = m - 6, -m = -4*x + 29. What is the remainder when 49 is divided by w(x)?
15
Let k(d) = d**3 - 19*d**2 + 19*d - 19. Let m be k(18). Calculate the remainder when ((-159)/(-9))/((-2)/(-6)) is divided by 108/6 + -4 + (-1 - m).
11
Let n(b) = -b**2 - 6*b + 4. Let a be n(-8). What is the remainder when 9 + a + (42 - 1) is divided by 30/(1 + 2)*2?
18
Let f(p) = -p**2 - 30*p + 47. Calculate the remainder when 235 is divided by f(-31).
11
Suppose 120*g = 119*g + 48. Calculate the remainder when 135 is divided by g.
39
Suppose 0 = 37*y - 34*y - 33. What is the remainder when 30 is divided by y?
8
Let y = 31 - -92. What is the remainder when y is divided by 33?
24
Let m be 5 - 2 - (-2 - 29). Let x = -19 + m. Calculate the remainder when 55 is divided by x.
10
Let f(h) = -h**3 + 21*h**2 + 4*h + 23. Suppose -18*m = -32 - 454. What is the remainder when f(21) is divided by m?
26
Let c = -24 - -88. Let o = 19 - -2. Let j = o + -8. Calculate the remainder when c is divided by j.
12
Let o = -160 + 192. Suppose o = -b + 48. Calculate the remainder when b is divided by 9.
7
Let z(i) = -15*i + 13. Let w be z(-5). Let l = -8 + w. Calculate the remainder when l is divided by 17.
12
Let m = -444 - -726. Suppose t + 4*s - 33 = 61, 3*t = 3*s + m. Calculate the remainder when t is divided by 8.
6
Suppose 0 = 2*o - 3*o + 33. Suppose -2*c = -5*i + 2*i + o, -2*c = -5*i + 51. What is the remainder when i is divided by 100/17 - (-4)/34?
3
Let b(t) = t**2 - 5*t - 3. Let j be b(6). Suppose 67 = h - 5*i, 2*h + i = -j*h + 309. What is the remainder when h is divided by 21?
20
Suppose 36*c = 5095 + 9341. What is the remainder when c is divided by 29?
24
Let n = -125 - -130. Let k(w) = w**2 - 12*w + 15. Calculate the remainder when k(12) is divided by n.
0
Suppose 4*a = 3142 - 2586. Calculate the remainder when a is divided by 56.
27
Suppose 2*a - 3*t - 32 = -2*t, -2*a + 2*t = -36. Let j(q) = q**2 + 2*q - 1612. Let o be j(0). Calculate the remainder when o/(-60) + (-8)/(-60) is divided by a.
13
Let s = -7 - -183. Suppose -s = -3*b + 5*w - 48, -b + 2*w + 41 = 0. Calculate the remainder when b is divided by 20.
11
Suppose 13*n + 1479 = 4638. Calculate the remainder when n is divided by 41.
38
Suppose 28 = 4*d + 3*b, 4*b + 42 = 3*d + b. Let l = 29 - 38. Let p = l - -13. Calculate the remainder when d is divided by p.
2
Let z(c) = -9*c - 192. What is the remainder when 20 is divided by z(-23)?
5
Let c = 87 + -46. What is the remainder when c is divided by 2?
1
Let p = -56 + 58. Calculate the remainder when 366/3 + -3*p/2 is divided by 15.
14
Calculate the remainder when 455 is divided by -1*12*(665/(-14))/5.
113
Calculate the remainder when 55 is divided by (-255)/(-21) + (-11)/77.
7
Let v(o) = -o**2 + 4*o + 5. Let t be v(7). Let y = t + 23. Calculate the remainder when y is divided by 6.
1
Suppose 0 = 26*b - 24*b + r - 90, 2*b + 2*r - 90 = 0. Calculate the remainder when 355 is divided by b.
40
Suppose -2*s + 2 = -2*w, 2*s + 4*w - 24 - 8 = 0. Suppose -2 = y - 4*x, 0*y + 2 = -y + 5*x. Calculate the remainder when ((-8)/12*6)/(y/11) is divided by s.
4
Let a = -21 - -9. Let f = a - -17. Suppose 3*s = -f*z + 113, -2*z - 3*s = -32 - 15. Calculate the remainder when z is divided by 6.
4
Let n(k) = -k**3 + 2*k**2 + 2*k + 41. What is the remainder when n(0) is divided by 14?
13
Let l be (-3)/(-6) - (-69)/6. Suppose -6*j + 30 + l = 0. Calculate the remainder when 12 is divided by j.
5
Suppose -3 = -u + 6. Let c be 4/